vided by 21.
18
Suppose -4 = -2*y + 48. Suppose -45 = -5*m - 5*x, -5*m + 27 = -0*m - 4*x. Suppose m*p + 0*p = 49. Calculate the remainder when y is divided by p.
5
Suppose -u + 4 = -3*q, -q - 4 = -u - 0. Suppose f = 2*f - 3. Suppose -3*m + f = 0, q*m = 2*l - 2*m - 242. What is the remainder when l is divided by 31?
29
Let u(f) = -9*f - 50 + 50. Suppose -4*m = -0*m + 20. Calculate the remainder when u(m) is divided by 12.
9
Suppose -p + 32 = 30. Calculate the remainder when 17 is divided by 2*p/(-6) + 70/6.
6
Suppose -96 - 189 = -5*t. Calculate the remainder when t is divided by 32.
25
Suppose -23*c = -220 + 82. What is the remainder when 2/(-5) - (-216)/15 is divided by c?
2
Let y = 64 + -60. Suppose y*n = -2*n + 318. What is the remainder when n is divided by 30?
23
Suppose m - 12 = -3*d - m, 3*m - 19 = -5*d. Suppose -d*b - b = -15. Let p(v) = -2*v - 11. What is the remainder when p(-10) is divided by b?
4
Let v = -267 + 137. Let z = v + 139. What is the remainder when 16 is divided by z?
7
Calculate the remainder when 340 is divided by ((-3)/(-18) - 0)*-46*-3.
18
Let d(l) = 17*l - 5. Suppose 15 = 2*g + 3*t, 0 = 2*t - 0 - 2. Calculate the remainder when d(2) is divided by g.
5
Suppose 2*c - 4*y - 84 = 0, 4*c - 180 = 5*y - 3*y. Calculate the remainder when c is divided by 18/(35/10 + -2).
10
Suppose -2*p = -4*v + 2*p + 248, 0 = 3*v + p - 206. Calculate the remainder when v is divided by 10824/1107 - (2/(-36))/((-1)/(-4)).
7
Suppose -5*u + 2*u - 69 = 0. Let i be 2*(u + 5 + -1). Let r = i - -57. Calculate the remainder when 75 is divided by r.
18
Suppose 3*d + 108 = x - 3*x, 2*x + 5*d + 108 = 0. What is the remainder when 41 is divided by -3 - 1/(3/x)?
11
Let o(p) = 4*p**2 - 13*p + 10. Let y be o(6). Suppose v = -2*k + y, 3*k + 0*v - 114 = 5*v. Calculate the remainder when k is divided by 10.
8
Suppose -3*k + 912 + 30 = 3*r, 0 = -4*r - 2*k + 1256. What is the remainder when r is divided by 36?
26
Suppose 3*b - 159 = -2*c, 4*b + 9*c - 184 = 11*c. Let s(q) = q**2 - 1. Calculate the remainder when b is divided by s(-4).
4
Suppose 3*z = 4*d, -z + 20 = -3*z - 4*d. Let i = z + 20. What is the remainder when (-2460)/(-451)*(-44)/(-8) is divided by i?
14
Let q(r) = 24*r + 42. What is the remainder when q(2) is divided by 22?
2
Suppose -4*g + 26 = 2*r - 18, 0 = -r - 4. Suppose g*j + 12 = 16*j. Suppose -2*a + 3*a - 2 = 0. Calculate the remainder when j is divided by a.
0
Let r(b) = -b**3 + 10*b**2 - 14*b + 2. Let j be r(6). Let n = -45 + j. What is the remainder when n is divided by 10?
7
What is the remainder when 137 + 28/(-21)*(-3)/(-2) is divided by 28?
23
Let s(h) = h**3 - 3*h**2 - 18*h + 4. Let m be s(6). Calculate the remainder when 41 is divided by 86/m - (1 - (-2)/(-4)).
20
Suppose 0 = 39*c - 73*c + 2074. What is the remainder when c is divided by 31?
30
Let a be 20/50 - (-606)/20*2. Suppose -a*k + 57*k + 288 = 0. Let u(l) = -7*l - 3. Calculate the remainder when k is divided by u(-4).
22
Suppose n = -176 + 86. Let s = -56 - n. Suppose b + 31 = 4*b + 5*l, -7 = -b - 5*l. Calculate the remainder when s is divided by b.
10
Let a(r) = -2*r**3 + r - 553. Let m be a(0). What is the remainder when m/(-7) - (2 - 2) is divided by 10?
9
Let n(o) be the third derivative of o**6/120 - o**5/60 - 11*o**4/24 + o**3/2 + 2*o**2 - 1. Calculate the remainder when n(5) is divided by 18.
12
Let y(k) = -k**2 - 10*k - 7. Calculate the remainder when 98 is divided by y(-8).
8
Let s(p) = 6*p**3 - 6*p**2 + 5*p + 4. What is the remainder when s(6) is divided by 62?
60
Let d(f) = 26*f + 20. Suppose -10 = r - 15. Calculate the remainder when d(r) is divided by 38.
36
Calculate the remainder when 61 is divided by (-88)/(-308) - 152/(-7).
17
Suppose -10 = 3*a + 2, q - 2*a = 198. Calculate the remainder when q is divided by 64.
62
Let q(c) = -3*c - 1. Let d be q(-4). Suppose 26 = t - d. Calculate the remainder when t is divided by 13.
11
Let z be 2*((-5)/10 + 1). Suppose -5*a - 26 = -z, 3*y - 68 = 4*a. Suppose -9 = -2*f + 9. Calculate the remainder when y is divided by f.
7
Suppose -26*b = -15*b - 2508. Calculate the remainder when b is divided by 31.
11
Suppose -3*r + 10 = -2. Suppose -3*o = -r - 11. What is the remainder when (-4 + 12)*(-7)/(-4) is divided by o?
4
Let c(k) = 21*k**2 + k - 2. Let x(n) = -n**3 + 8*n**2 - 10*n + 2. Calculate the remainder when c(2) is divided by x(3).
16
Let s(b) = -34*b + 417. Calculate the remainder when 36 is divided by s(12).
0
Let b = -9 - -50. Suppose 2*a - 5*r = b + 26, -5*r = 5*a - 255. Suppose 0 = -4*w + x + 65, -27 = -0*w - 2*w - 5*x. What is the remainder when a is divided by w?
14
Suppose -2*u - 17 = 9. What is the remainder when 61 is divided by 2/u - (3300/39)/(-4)?
19
Suppose 167 = 4*x + 39. Suppose 3*t = -t + x. Calculate the remainder when -10*1*12/(-8) is divided by t.
7
Suppose 9*g - 50 = 11*g. Calculate the remainder when 53 is divided by (-3 - g/5)*7*2.
25
Suppose -13*f + 180 = 5*f. What is the remainder when f is divided by 5?
0
Suppose -56*i = -51*i - 205. What is the remainder when 817 is divided by i?
38
Let f be (11/3)/((-6)/36). Let p = -17 - f. Let n(w) = -w**3 + 5*w**2 + 7*w - 3. Calculate the remainder when p is divided by n(6).
2
Suppose -1312 = 6*f - 14*f. What is the remainder when f is divided by 55?
54
Suppose -25*l + 2725 + 1700 = 0. Calculate the remainder when l is divided by 30.
27
Let a(w) = 1 + 2*w**2 + 2*w**2 + w**2. What is the remainder when 18 is divided by a(-1)?
0
Let u(a) = a**2 - 10*a + 15. Let x be u(10). Let p = -17 + x. What is the remainder when (4 - (p - -2)) + 4 is divided by 8?
0
Let x = 12 - -89. Calculate the remainder when x is divided by 14.
3
What is the remainder when (-21)/2*(-416)/208 is divided by 6?
3
Calculate the remainder when 42/12*852/42 is divided by 9.
8
Let t(q) = -3*q**2 - 2*q + 1. Let s be t(2). Let r = 53 - s. Calculate the remainder when r is divided by 18.
14
Suppose 2208 = 41*m - 990. What is the remainder when m is divided by 14?
8
Suppose 8 = -2*d - 8. Let m(s) = -s**3 - 8*s**2 - s + 1. Calculate the remainder when 13 is divided by m(d).
4
Let y(d) = 2*d**3 - 2*d**2 - 6*d + 46. Calculate the remainder when y(7) is divided by 9.
7
Let u(h) = -h**2 - 18*h + 8. What is the remainder when 70 is divided by u(0)?
6
Let k be 9 - 9 - (-11)/1. Let r = 111 + k. What is the remainder when r is divided by 31?
29
What is the remainder when 259 is divided by (-369)/2*2/(-3)?
13
Let b(j) = -11*j**3 - 85*j**2 + 10*j - 9. Calculate the remainder when b(-8) is divided by 34.
1
Suppose 359 - 2711 = -16*l. What is the remainder when l is divided by 27?
12
Calculate the remainder when 21 is divided by (-41)/(-6) - (-115)/(-138).
3
Suppose -9*z + 20 = -5*z. Let f be 7/z - 4/10. Calculate the remainder when 26/f*(-3)/(-2) is divided by 14.
11
Suppose 4*j - 19 = -3. Suppose j*q + 1 + 1 = 2*o, 4*q = -4*o + 4. Suppose -2*m + 10 + 50 = q. Calculate the remainder when m is divided by 8.
6
Let q = 123 + -124. What is the remainder when q*(-39 + 4 + 1) is divided by 9?
7
Suppose 0 = -4*t - 26 - 90. Let d = t - -47. What is the remainder when 88 is divided by d?
16
Suppose 4 = 4*s, 5*s - 230 = -2*m + m. Calculate the remainder when m is divided by 12.
9
Suppose 4 = 4*r - 64. Suppose -23 = -o + r. What is the remainder when o is divided by 15?
10
Suppose -2*t - 1 = -3*t. Let z be t + (-3 - 0) + 2. Calculate the remainder when 53 is divided by z + (0 - -3) + 15.
17
What is the remainder when (-4)/6 + 134/3 is divided by ((-33)/12 - 3)*(-23 - -19)?
21
Let c(f) be the third derivative of -f**4/6 - 53*f**3/6 - 2*f**2 - 6*f. What is the remainder when 10/3 - (-4)/6 is divided by c(-14)?
1
Suppose 3*z - 289 + 274 = 0. What is the remainder when 34 is divided by z?
4
Let m = -2 + 8. Calculate the remainder when (-370)/(-20) + (-15)/10 is divided by m.
5
Let v(h) = h**2 - 8*h - 4. Let n be v(7). Let g = n - -25. Calculate the remainder when 39 is divided by g.
11
Suppose -220 - 68 = -24*g. What is the remainder when 236 is divided by g?
8
Let j(z) = z + 10. Let d be (4 - (-2)/(-2)) + -31. Let s = 19 + d. Calculate the remainder when j(s) is divided by 1.
0
Suppose -2*c + c - 3*z + 748 = 0, 2*c = 5*z + 1529. Calculate the remainder when c is divided by 76.
73
Let j(t) = -t + 6. Let s be j(9). Calcula